16 divide 11351904?
True
Is 2039905 a multiple of 63?
False
Does 36 divide 3646743?
False
Is 231097 a multiple of 19?
True
Does 615 divide 10138275?
True
Is 3713465 a multiple of 659?
True
Is 81749 even?
False
Is 1658370 a multiple of 35?
True
Is 18 a factor of 4482633?
False
Is 376 a factor of 6129068?
False
Is 832273 a multiple of 165?
False
Is 6 a factor of 2652312?
True
Is 7164625 a multiple of 76?
False
Is 5496600 a multiple of 100?
True
Does 20 divide 106807?
False
Is 57840 a multiple of 16?
True
Is 309701 a multiple of 151?
True
Is 53 a factor of 456943?
False
Is 1336 even?
True
Is 118872 a multiple of 156?
True
Does 17 divide 184994?
True
Is 404 a factor of 471110?
False
Does 17 divide 25857?
True
Is 75 a factor of 56850?
True
Is 248840 a multiple of 40?
True
Does 159 divide 633721?
False
Is 135344 a multiple of 181?
False
Is 9 a factor of 365172?
False
Does 33 divide 93027?
True
Is 526749 a multiple of 71?
True
Is 793436 a multiple of 10?
False
Is 9553620 a multiple of 12?
True
Is 344 a factor of 1332080?
False
Does 1403 divide 9106934?
False
Is 132 a factor of 1068062?
False
Is 23 a factor of 12946746?
True
Is 462 a factor of 410256?
True
Does 3 divide 2705760?
True
Is 13 a factor of 1276734?
False
Is 43871 a multiple of 22?
False
Does 18 divide 2984310?
True
Does 453 divide 22163478?
True
Is 1429020 a multiple of 170?
True
Does 78 divide 4294056?
True
Does 3 divide 1363242?
True
Does 17 divide 42089?
False
Is 258 a factor of 3494080?
False
Is 352 a factor of 1044032?
True
Is 117120 a multiple of 12?
True
Is 4558851 a multiple of 30?
False
Is 18865 a multiple of 77?
True
Is 121 a factor of 531916?
True
Is 3 a factor of 218958?
True
Is 13 a factor of 48295?
True
Is 8 a factor of 228792?
True
Is 6 a factor of 53634?
True
Does 7 divide 550029?
False
Does 15 divide 473937?
False
Does 6 divide 44339?
False
Is 8471275 a multiple of 3?
False
Does 87 divide 5912?
False
Is 11 a factor of 1341368?
False
Does 381 divide 493395?
True
Is 2766012 a multiple of 28?
False
Does 950 divide 26964800?
True
Is 28 a factor of 24519?
False
Is 11270 a multiple of 3?
False
Is 198414 a multiple of 73?
True
Is 29413432 a multiple of 89?
True
Does 17 divide 131308?
True
Is 3147680 a multiple of 40?
True
Is 146594 a multiple of 12?
False
Is 41 a factor of 6283019?
False
Does 133 divide 248559?
False
Is 5 a factor of 10465?
True
Is 388 a factor of 499356?
True
Is 1645 a factor of 2454340?
True
Is 272 a factor of 82960?
True
Does 279 divide 5232816?
False
Is 2697963 a multiple of 359?
False
Does 15 divide 26715?
True
Does 12 divide 2753688?
True
Does 32 divide 1512635?
False
Is 82 a factor of 291428?
True
Is 121 a factor of 722854?
True
Does 9 divide 432792?
True
Does 50 divide 4236081?
False
Is 27867 a multiple of 49?
False
Does 9 divide 116665?
False
Is 14 a factor of 1014538?
True
Is 267107 a multiple of 7?
False
Is 20 a factor of 2914774?
False
Is 580 a factor of 3326880?
True
Does 53 divide 562595?
True
Does 188 divide 21997?
False
Does 20 divide 79996?
False
Is 15 a factor of 3689175?
True
Does 248 divide 44259?
False
Does 22 divide 287108?
False
Is 123798 a multiple of 94?
True
Is 379862 a multiple of 4?
False
Is 35 a factor of 234847?
False
Does 15 divide 8888?
False
Is 7108200 a multiple of 1164?
False
Is 1948376 a multiple of 46?
True
Is 347 a factor of 27196?
False
Does 23 divide 158240?
True
Is 794926 a multiple of 23?
True
Does 4 divide 2316093?
False
Does 4 divide 20714?
False
Is 4 a factor of 76216?
True
Is 670 a factor of 2663250?
True
Does 9 divide 231375?
False
Is 10 a factor of 6801860?
True
Is 15 a factor of 139800?
True
Is 21 a factor of 353745?
True
Does 291 divide 322137?
True
Is 134439 a multiple of 136?
False
Is 100 a factor of 1316000?
True
Is 78 a factor of 1525836?
True
Does 42 divide 4530311?
False
Does 9 divide 5668101?
True
Is 416610 a multiple of 270?
True
Is 6283883 a multiple of 5?
False
Is 789201 a multiple of 11?
False
Is 926211 a multiple of 221?
True
Is 712226 a multiple of 192?
False
Is 92 a factor of 3173215?
False
Is 742 a factor of 2112474?
True
Does 955 divide 2845596?
False
Is 4 a factor of 4485416?
True
Does 187 divide 166470?
False
Is 6998376 a multiple of 12?
True
Is 4997048 a multiple of 80?
False
Is 11 a factor of 55202?
False
Is 137 a factor of 535122?
True
Does 115 divide 241076?
False
Is 571 a factor of 253621?
False
Is 17798514 a multiple of 26?
False
Is 77 a factor of 158235?
True
Does 56 divide 19969209?
False
Does 411 divide 498595?
False
Is 14 a factor of 3201921?
False
Is 9063821 a multiple of 96?
False
Is 4 a factor of 14539?
False
Does 96 divide 9602208?
True
Does 206 divide 204764?
True
Does 102 divide 2941578?
True
Is 261710 a multiple of 7?
False
Does 5 divide 405025?
True
Is 6739920 a multiple of 165?
True
Is 2587000 a multiple of 325?
True
Is 32 a factor of 1210270?
False
Is 1561704 a multiple of 24?
True
Is 13 a factor of 21193640?
True
Does 42 divide 9832034?
False
Does 48 divide 1228369?
False
Is 549054 a multiple of 354?
True
Is 43 a factor of 1513041?
True
Is 1354 a factor of 28103?
False
Is 251923 a multiple of 29?
True
Is 676 a factor of 7517588?
False
Is 290763 a multiple of 99?
True
Is 151 a factor of 7414251?
True
Is 7 a factor of 581402?
False
Is 486460 a multiple of 13?
True
Is 350 a factor of 507026?
False
Is 34 a factor of 545428?
True
Is 308 a factor of 1441440?
True
Is 15 a factor of 10623?
False
Is 92214 a multiple of 218?
True
Is 10 a factor of 1516906?
False
Does 970 divide 3621980?
True
Is 2238259 a multiple of 78?
False
Does 207 divide 86319?
True
Does 7 divide 3181402?
True
Is 5 a factor of 8802?
False
Is 1597339 a multiple of 130?
False
Does 83 divide 819195?
False
Does 107 divide 52537?
True
Is 210512 a multiple of 59?
True
Does 8 divide 1347420?
False
Does 23 divide 6797962?
False
Is 417 a factor of 14640910?
False
Does 35 divide 503650?
True
Does 139 divide 793436?
False
Does 14 divide 1024100?
True
Does 28 divide 2861432?
True
Is 4438655 a multiple of 91?
False
Does 143 divide 503074?
True
Does 641 divide 459597?
True
Is 816 a factor of 811856?
False
Is 47 a factor of 384458?
False
Is 267410 a multiple of 26?
True
Is 19 a factor of 128668?
True
Is 179596 a multiple of 118?
True
Is 70996 a multiple of 51?
False
Is 1151540 a multiple of 130?
True
Is 74 a factor of 205753?
False
Is 15 a factor of 119446?
False
Is 4 a factor of 122870?
False
Is 14 a factor of 298?
False
Is 13 a factor of 1641811?
False
Is 3643796 a multiple of 239?
False
Is 296518 a multiple of 37?
True
Is 33 a factor of 12656424?
True
Is 161 a factor of 2209523?
False
Is 102030 a multiple of 38?
True
Does 21 divide 234003?
True
Does 114 divide 1369374?
False
Is 38 a factor of 1320864?
False
Does 20 divide 534020?
True
Is 67 a factor of 127461?
False
Is 31 a factor of 4642343?
True
Is 47350 a multiple of 10?
True
Is 19 a factor of 5645869?
True
Does 215 divide 151145?
True
Is 6567553 a multiple of 967?
False
Is 9 a factor of 64303?
False
Is 103 a factor of 4339904?
False
Is 3894558 a multiple of 1168?
False
Does 720 divide 3593462?
False
Is 5 a factor of 2011286?
False
Does 515 divide 4526850?
True
Is 27 a factor of 557523?
True
Is 119970 a multiple of 145?
False
Is 309371 a multiple of 34?
False
Is 283 a factor of 4970612?
True
Does 8 divide 1598160?
True
Does 37 divide 254116?
True
Does 246 divide 350277?
False
Is 10446689 a multiple of 19?
False
Is 505 a factor of 7207360?
True
Is 42143 a multiple of 65?
False
Is 3 a factor of 458805?
True
Is 39 a factor of 1791933?
True
Does 7 divide 215908?
True
Is 1864646 a multiple of 14?
True
Is 3401928 a multiple of 72?
True
Is 165 a factor of 322226?
False
Is 15 a factor of 21810236?
False
Is 4724496 a multiple of 336?
True
Does 539 divide 18684545?
False
Is 208 a factor of 2981413?
False
Is 14 a factor of 63983?
False
Does 478 divide 673597?
False
Is 522675 a multiple of 101?
True
Is 15 a factor of 867180?
True
Is 8977123 a multiple of 1299?
False
Is 30 a factor of 12456?
False
Does 66 divide 320291?
False
Does 19 divide 125742?
True
Is 155974 a multiple of 32?
False
Is 38 a factor of 184001?
False
Is 101 a factor of 80194?
True
Is 34 a factor of 152012?
False
Is 2322177 a multiple of 33?
True
Is 3 a factor of 16996?
False
Does 103 divide 1117409?
False
Is 36 a 